 u be y(5). Suppose 3*a = u + 62. What is the units digit of a?
3
What is the units digit of 4340/8 + -1 - (-27)/18?
3
Suppose -14940 = -62*a + 26*a. What is the hundreds digit of a?
4
What is the tens digit of -2 + -6 - (-475608)/133?
6
Let g(o) = -2*o**3 + 2*o**2 + 6*o. Suppose 4*w + 8 = 2*w. What is the tens digit of g(w)?
3
Let i(y) = -y - 8. Let j be i(8). What is the tens digit of (-2 + -2)*92/j?
2
Let o = 14 - 9. Let g(r) = 2*r + 2 - 1 + o. What is the tens digit of g(8)?
2
Let q be (4 - 29)/5*183. What is the units digit of (-9)/12 + q/(-20)?
5
Let z = 18 - 0. Let a = -1 - -9. Suppose a = -j + z. What is the tens digit of j?
1
Suppose 148*g - 5172 = 144*g. What is the thousands digit of g?
1
Suppose 765 + 3483 = 4*f. What is the units digit of f?
2
Let i(m) = 10*m - 10. Let z be i(13). Suppose -9*v - 5*x = -6*v - 185, -z = -2*v - 5*x. What is the units digit of v?
5
Let j(w) = -w + 18. Let g be j(9). Suppose 0 = -3*a - 0 + g. Suppose -a*n + 120 = n - 2*l, -5*l = n - 8. What is the tens digit of n?
2
Let c = -59 - -59. Suppose c = -3*z - 285 + 771. What is the units digit of z?
2
Let u(v) = v**2 - 2*v + 2. Let b(y) = -5*y + 9. Let d be b(4). What is the units digit of u(d)?
5
Suppose 59*u - 42077 + 4376 = 0. What is the units digit of u?
9
Let m = 667 + -174. What is the hundreds digit of m?
4
Let x(d) = -2*d**3 - 5*d**2 + d - 2. Suppose -6*g = -g + 20. What is the units digit of x(g)?
2
Let h = 2471 + -1564. What is the tens digit of h?
0
Let s = -11981 - -17132. What is the thousands digit of s?
5
Let j(p) = 197*p - 247. What is the units digit of j(7)?
2
Suppose -10480 = 8*i - 33040. What is the hundreds digit of i?
8
Suppose 5*u = -3*d + 737, -142 = -d - u + 103. What is the hundreds digit of d?
2
Let m(o) = 2*o**2 - 5*o - 15. Let z be m(7). Let u = z + 53. What is the tens digit of u?
0
Let b(y) = 9*y**2 - 5*y - 7. Suppose 2*d - 8 = -0*d. What is the units digit of b(d)?
7
Let o(u) = -3*u**2 - u - 1. Let h be o(3). Let f be 16/20 - h/5. Suppose f*z = 10*z - 105. What is the tens digit of z?
3
Suppose 5*r - 28 = -18, -4*r = -4*g + 11484. What is the units digit of g?
3
Suppose -3*g - 3 = -9. Suppose -2*a = -4*a + g*y + 8, -4*y = -5*a + 21. Suppose -5*b = -a*k + 115, 0*b - 87 = -4*k - b. What is the units digit of k?
2
Let s be (-6)/33 + (-324)/33. Let n(j) = -j**3 - 10*j**2 - 3. Let q be n(s). Let w(p) = -p**3 - p**2 + p - 2. What is the tens digit of w(q)?
1
Suppose 427*u = 428*u - 799. What is the hundreds digit of u?
7
Suppose -r = -6 - 3. Suppose 13*b - r*b = 176. What is the tens digit of b?
4
Let r = 1015 + -605. What is the hundreds digit of r?
4
Suppose 18*l = 7*l + 2068. Suppose -5*u + 67 = -l. What is the units digit of u?
1
Let s(t) = -40*t**3 + 5*t**2 - 29*t - 118. What is the thousands digit of s(-4)?
2
Let w = -14 - -18. Suppose -i = 4*s + 9, -8 = -w*i + 2*s + 10. Suppose 0 = -v + i*v - 14. What is the units digit of v?
7
Suppose 4*c - 4*m = -7 + 39, m = 2*c - 11. Suppose 0 = -4*l + c*d + 126, -4*d - 28 = 3*l - 135. What is the units digit of l?
3
Let h(x) = 13*x - 7*x + 3 - 17*x. Let v(b) = -6*b**3. Let p be v(1). What is the units digit of h(p)?
9
Suppose -x - 4*x = 0. Suppose -75 = 4*z - 5*a - 15, x = -5*z + 5*a - 70. What is the units digit of 3 + 2 + -2 - z?
3
Let u(n) = 21*n**3 - 2*n**2 - 7. What is the hundreds digit of u(4)?
3
What is the thousands digit of (2/(-4))/((-6)/(-20))*-834?
1
Suppose n + 1009 = 5*b, 4*b + 199 = 5*b - 3*n. What is the hundreds digit of b?
2
Suppose -4*b - 5*s = -61, 43 + 20 = 3*b - 2*s. Suppose 0 = -b*g + 505 + 3352. What is the units digit of g?
3
Let k(w) = w**3 - 3*w**2 - 3. Let s be k(4). Suppose s*h - 18*h = -1080. What is the tens digit of h?
1
Let i be (10/8)/((-3)/(-36)). Suppose -76 = -p - i. What is the units digit of p?
1
Suppose 0 = 4*d - 8, -4*g - 30 = 4*d - 9*d. Let j(a) = 8*a**2 - 8. What is the units digit of j(g)?
2
Let r(b) = 2 + 3*b + 4*b + b - 4*b. Suppose h + 3 - 5 = 0. What is the units digit of r(h)?
0
Let i be 19 + 4 + -1 + -4. Let h = 20 - i. Suppose h*s = -2*y + y + 27, s + 39 = y. What is the tens digit of y?
3
Let i = -23 - -28. Suppose 2*k + 19 = -5*u + i, -k = 3*u + 9. What is the units digit of k?
3
Suppose 0 = 4*q - 3*q - 7. Suppose 252 = q*x - x. What is the units digit of x?
2
Suppose j = -3*i + 468, 42*i - 40*i - 1842 = -4*j. What is the hundreds digit of j?
4
Suppose 2*t = 78 - 12. Let l = 0 + t. Suppose -c + l = 5*f, 185 = 5*c + 4*f - 85. What is the tens digit of c?
5
Suppose 0 = -i - 4*j + 48 + 83, 5*j + 482 = 4*i. What is the hundreds digit of i?
1
Suppose -2*o = -8 - 8. Suppose 5*b + 3*t = 732, -o*t + 4*t - 151 = -b. What is the hundreds digit of b?
1
Let d(i) = -3 + i**2 + 7*i + 2 - 6 - 1. Let q be d(-8). Suppose 5*u - 6*l = -l + 165, q = 4*u + l - 157. What is the tens digit of u?
3
Let n = -1373 + 6398. What is the thousands digit of n?
5
Let w be (-80)/(-25)*(-15)/(-2). Let v be 8*1/(-1)*-1. Let f = w - v. What is the tens digit of f?
1
Suppose -4*t = 4*j - 3828, -3*t - 4*j + 0*j + 2868 = 0. Suppose -2*o + t = 2*o. Suppose m + z = 6*m - o, 0 = 5*m + 2*z - 225. What is the units digit of m?
7
Let t be 2*(-4)/(-16)*-10. What is the units digit of (-3 - -1 - t) + 53?
6
Let j = -67 - -141. Let z be 1 + -4 + 2 + j. Let l = -32 + z. What is the units digit of l?
1
Let x(m) = 3*m + 1. Let i be x(-1). What is the units digit of (i/4)/(8/(-48))?
3
Let u(r) = 42*r**2 - r + 1. Let l be u(1). Let t = -33 + l. What is the units digit of t?
9
Suppose 0 = 5*a + 3*n - 101 - 959, -234 = -a - 5*n. What is the hundreds digit of a?
2
Let m be (-804)/(-27) - (-4)/18. Suppose 2*h + 3*t = t + 18, 0 = -5*h - 2*t + m. Suppose -h*l + 36 = -l. What is the tens digit of l?
1
Let r(b) = 61*b**3 + 2*b**2 - 1. Let m(k) = -k - 3. Let a be m(-4). What is the tens digit of r(a)?
6
Suppose b + 3*b = -2*u + 1532, 3*b - 3*u = 1158. What is the units digit of b?
4
Suppose 8*l - 25 + 9 = 0. Suppose -l*h + 4*f + 238 = 0, -f = -4*h + 278 + 163. What is the hundreds digit of h?
1
Let n = 887 - -3764. What is the thousands digit of n?
4
Let i(j) = 36*j - 18. Let o(z) = 107*z - 52. Let n(x) = 8*i(x) - 3*o(x). What is the units digit of n(-4)?
4
Suppose -4*s + 32 = 4*m, 2*s + 13 - 59 = 4*m. Suppose -5*u + 17 = -s. Suppose -l + 11 = -u. What is the tens digit of l?
1
Suppose 5*o - 4*c = 11784, -4*c + 7071 = 3*o - 7*c. What is the hundreds digit of o?
3
Let q be ((-28)/(-6))/((-1)/3). Let k be 2/7 - 822/q. Suppose -k = -5*j + 66. What is the tens digit of j?
2
Suppose 74 = -i + 2*a, 4*a - 268 = 5*i + 108. Let y = 173 + i. What is the tens digit of y?
9
Suppose -26*o = -21730 - 10900. What is the tens digit of o?
5
Suppose -10*x + 8*x + 4 = 0. Let s = 1 - x. What is the units digit of s + -1 + (3 - -3)?
4
Suppose -2*n + 4*z - 4 = -0*n, -5*z = 5*n - 65. Suppose -5*h - n*w = -3*w - 245, -3 = w. What is the units digit of h?
2
Let v = -112 - -166. Let z = 158 - v. What is the units digit of z?
4
Let g(f) = 9*f - 10 - 10*f - 1. Let p be g(-11). Suppose p = -3*t + y + 117, -4*t + 3*y + 136 + 15 = 0. What is the units digit of t?
0
Let f(l) = -3*l**3 + 17*l**2 + 20*l + 11. What is the hundreds digit of f(-9)?
3
Suppose 2*u = u + 16. Suppose -g = 2*j - 10, u = 5*j + 2*g - 9. Suppose 0 = -j*m - 2*t + 221, -2*m + 224 = 3*m + 3*t. What is the units digit of m?
3
What is the tens digit of 3042/4 - 30/(-12)?
6
Let w = -184 - -266. What is the units digit of w?
2
Suppose -2*o - 5*x + x = 6, -2*o - 6 = 5*x. Let u be 2 + (-5 - -3 - o). Suppose -4*w + u*w = -17. What is the tens digit of w?
1
Let r(a) = a**3 - 4*a**2 - 4*a - 5. Let x = 18 - 13. Let k be r(x). Suppose -12 = -k*u - u. What is the units digit of u?
2
Let g(h) = -1 + 7*h - 5 - 8 - 9*h**2 - h**3. What is the tens digit of g(-10)?
1
Let s(c) = -4*c + 1. Let i be s(-2). What is the tens digit of (-174)/(-4)*6/i?
2
Let a be 6/(-33) - (-79)/11. Let l be (-15)/(-6) - (-6)/4. Suppose a + 53 = l*r. What is the tens digit of r?
1
Let n(q) = q**2 + q - 4. Let k be n(-5). Let h be k/(-72) - 248/18. Let i = -12 - h. What is the units digit of i?
2
Let d be ((-76)/(-10))/((-22)/(-55)). Suppose -249 = -d*x + 16*x. What is the tens digit of x?
8
Suppose -2*r = z - 16, 0 = -2*r + 5 - 1. Let w(m) = -m**2 + 17*m - 21. Let t be w(16). Let y = t + z. What